26 + 2225 = 0. What is the thousands digit of l?
1
Suppose 0 = 2*t + 4*q - 36, -7 = t - 5*t + 5*q. What is the units digit of t?
8
Let b(s) = -4 + 0*s + s + 12 + 2*s**2 - 10 + 191*s**3. What is the units digit of b(1)?
2
Let x be (7 + 1)*(-4)/(-8). Let v be (-119)/(-28) + 1/(-4). Suppose -u + 31 = x*a + 3, -4*a = v*u - 172. What is the tens digit of u?
4
Let b = -4 + 6. Let u(l) = 11*l - 19*l + 0 + 12*l + 0. What is the units digit of u(b)?
8
Suppose 6*k - 17 + 41 = 0. Let l(q) = -36*q - 11. What is the hundreds digit of l(k)?
1
Let d = -120 - -352. What is the hundreds digit of d?
2
Suppose 5*q - 21 = f, 5*f - f = -2*q + 26. Suppose -m + 3*z + f = 0, -2*m + 0*z + 2*z - 4 = 0. Let x(v) = -v**2 - 10*v + 3. What is the tens digit of x(m)?
2
Suppose 3*c + 2*w - 33 = -2*c, -2*c = 4*w - 10. Let y(d) = -9*d - 30. Let z(q) = -2*q - 6. Let g(k) = 5*y(k) - 24*z(k). What is the tens digit of g(c)?
1
Suppose -3*y + 4*d = -3017, -17 = 3*d - 2. What is the units digit of y?
9
Let h(g) = -216*g + 68. What is the hundreds digit of h(-3)?
7
Suppose 5*k = 4*c + c + 7670, -2*k + 3068 = 2*c. What is the hundreds digit of k?
5
Let l(u) = 1568*u - 188. What is the tens digit of l(1)?
8
Let v(u) = -u**3 - u**2 + u - 1. Let p(g) = -4*g**3 - g**2 + 2*g - 2. Let n(d) = -p(d) + 2*v(d). Suppose -181*h = -176*h - 5. What is the units digit of n(h)?
1
Let t(d) = 8*d**2 + 3*d - 40. What is the tens digit of t(12)?
4
Let u(g) = g**3 + 7*g**2 - g - 6. Let l = -14 + 43. Suppose -5*y + b = 3*b + l, -y - b - 4 = 0. What is the units digit of u(y)?
1
Let m(g) = 3*g**2 - 28*g - 14. Let q be m(10). Let a(p) = -2*p**3 - 5*p**2 + 2*p**3 - 5*p + p**3. What is the units digit of a(q)?
6
Suppose -4*t - 5*k + 3294 = 1174, 5*k = 4*t - 2080. What is the units digit of t?
5
Suppose -3*c = -c - 2208. Let o be c/60 + 6/10. Suppose 5*s - 14 = -3*y + o, -3*s + 21 = 2*y. What is the units digit of y?
6
Suppose 0 = -5*i + 8755 - 1315. What is the hundreds digit of i?
4
Suppose 0 = -11*u + 14*u - 321. Suppose -2*g - 35 = -u. What is the units digit of -35*(g/(-10) - -3)?
1
Let n = -117 + 118. What is the units digit of n?
1
Let p be (16/10)/(14/35). Suppose x = -p, 2*h - 3*x = -2*x + 230. What is the units digit of h?
3
Let m(a) = a**3 + 12*a**2 - a + 1. Let u be m(-12). Suppose u - 1 = -2*d. Let y(l) = 2*l + 18. What is the units digit of y(d)?
6
Suppose k + 0*k = -4*o + 919, -o = -3*k - 220. What is the hundreds digit of o?
2
Suppose 3*q = -3*w - 3 - 0, 5*w = -q - 13. Let h = q - 2. Let l = h - -11. What is the tens digit of l?
1
Suppose -4*t + 1483 = 3*y, -y = -0*y + 4*t - 481. What is the hundreds digit of y?
5
Suppose 6366 = 339*p - 333*p. What is the units digit of p?
1
Let b = -23 - -15. Let u(h) = -h**2 - 15*h - 4. Let l be u(b). Let m = l + -10. What is the units digit of m?
2
Let v = 145 + 401. What is the units digit of v?
6
Let r(f) = -f**3 + 17*f**2 + 2. Let j be r(17). Suppose -o - o = -3*y + 321, -j*o = 0. What is the hundreds digit of y?
1
Let j(k) = k**3 - 6*k**2 + 8*k - 43. What is the tens digit of j(7)?
6
Let b be 1/(60/18 + -3). Suppose -4*a + 32 = 2*y + y, -4*a = -5*y. Suppose -m + 143 = a*d, b*d - 95 + 10 = -m. What is the units digit of d?
9
Let t = -430 + 778. What is the tens digit of t?
4
Let n(m) be the second derivative of -m**3/6 + 17*m**2/2 + m. Suppose 256*p - 257*p - 8 = 0. What is the tens digit of n(p)?
2
Suppose 11*x + 7 = 12*x. Suppose 4*h = x + 49. What is the tens digit of h?
1
Let x(a) be the second derivative of -a**3/3 + 2*a**2 + 4*a. Let i(r) = 3*r - 4. Let w(q) = 3*i(q) + 2*x(q). What is the tens digit of w(3)?
1
What is the thousands digit of -10 + 5 + 1604/1?
1
Suppose 4*i - 2*d = 5*i - 12, -23 = i - 5*d. What is the units digit of i/(-12) - 1153/(-6)?
2
Let f(y) be the first derivative of 7*y**2/2 + 14*y + 1. What is the tens digit of f(5)?
4
Let d = -60 - -59. What is the units digit of 1 + (d*4)/(8/(-100))?
1
Suppose -3*s = -3 + 15, 0 = 5*z - 4*s - 1841. What is the tens digit of z?
6
Let s = -201 + 624. What is the hundreds digit of s?
4
Let l = -3712 - -7988. What is the thousands digit of l?
4
Let b(s) = 2*s**2 - 36*s + 33. Let n be b(22). Let o = -77 + n. What is the hundreds digit of o?
1
Suppose 0 = b - 2*v - 4 - 4, -b - 5*v = -15. Let w be (-1 - (-16)/12)/((-1)/(-9)). Suppose w*y - b = -2*y. What is the units digit of y?
2
Suppose 58 = -54*i + 55*i. Suppose 2 = -2*o, -2*x + i + 336 = 4*o. What is the hundreds digit of x?
1
Let p(l) be the second derivative of l**5/20 + 11*l**4/12 - 2*l**3/3 - 13*l**2/2 + 37*l. What is the units digit of p(-8)?
1
Let c be 20/90 - 75/27*-1. Suppose -3*u = -y - 315, -4*u + y + 431 = -4*y. Suppose -c*k - 10 = -a, -3*k + u = 4*a + k. What is the units digit of a?
2
Let x be 9/3 + (-2 - -4). Suppose 4*b + 312 = x*c, 0 = -5*c - 2*b - 0*b + 294. What is the units digit of c?
0
Suppose 505 = -3*i - y, 0 = -2*i + 4*i + 4*y + 320. Let q = -110 - i. What is the units digit of q?
0
Let c = 637 - 424. What is the tens digit of c?
1
Suppose -10*g + 47325 = 15*g. What is the units digit of g?
3
Let x(q) = 5*q**2 - 2*q + 3. Let r be x(2). Let z = r + -29. Let a = 21 + z. What is the units digit of a?
1
Let z(f) be the second derivative of 3*f + 1/2*f**4 - 3/2*f**2 - 5/6*f**3 + 0. What is the tens digit of z(-2)?
3
Let z(y) be the first derivative of -13*y**4/4 - y**2/2 - 3*y - 25. What is the hundreds digit of z(-2)?
1
Suppose 4*l - 5 = 5*l. Let f be 0 + 0 + 3 + l. What is the tens digit of (-52)/f - (6 + -7)?
2
Suppose 3*c - o - 77 = 0, -44 = 2*c - 4*c - 3*o. Let r = -20 + c. What is the tens digit of 1036/35 - (-2)/r?
3
Suppose -2*j - 33 = -c + 40, 3*j = 5*c - 99. Let i = j - -90. What is the units digit of i?
2
Suppose 9*w - 14*w - 3*l = -572, -3*l + 342 = 3*w. Let m = w - 103. What is the tens digit of m?
1
Suppose 5*u = 8 + 2. Suppose -3*w - 2*w + 2*o = -4, 0 = 5*o + 10. Suppose 2*d + w - u = 0. What is the units digit of d?
1
Let p = -427 + 930. What is the hundreds digit of p?
5
Let d = 36 + 19. What is the tens digit of d?
5
Suppose -4*g = 2*w + 2, -4*w + 2 = -3*g - 5. Let t(c) = 10*c. Let i be t(1). What is the units digit of (g + 2)/(1/i)?
0
Suppose -18 = -5*m + 2. Suppose 8 = -m*q + 6*h - h, -5 = 5*q - 5*h. Let t(g) = 21*g - 7. What is the units digit of t(q)?
6
Let k(j) = -j**3 + 7*j**2 + 8*j + 2. Let n be k(8). Let c be n + (-295 - 1)/4. Let z = c + 127. What is the tens digit of z?
5
Suppose 5*o - 3*a = 3*o + 412, -o - 2*a + 206 = 0. What is the tens digit of o?
0
Suppose -447 = -4*b + 129. Let p = b - 58. What is the tens digit of p?
8
Suppose -5*i - 297 = -2*j, i + 62 = 2*j - 247. Suppose -9*q + j = -5*q. What is the tens digit of q?
3
Let n(p) = 2*p**2 - 28*p - 1. Let i be n(13). Let l = -20 - -2. Let o = l - i. What is the units digit of o?
9
Let x(j) = 41*j + 796. What is the units digit of x(12)?
8
Suppose -11911 = -l - 10330. What is the hundreds digit of l?
5
Suppose 0 = 22*i - 8108 - 3574. What is the units digit of i?
1
Let x be -41 + 0 - 0/(-5). Let k = -12 - x. What is the units digit of k?
9
Let c(o) = 148*o - 167. What is the hundreds digit of c(7)?
8
Let h(x) = -11*x - 14. Suppose 3*g - 36 = 3*d, -2*d - 41 = -5*g - 11. What is the tens digit of h(d)?
9
Let n be 4/(-14) + 23/7 + -9. What is the units digit of (-3)/(-6) + (-705)/n?
8
Let q be 8/8 + (-2)/(-2). Suppose -q*b - 30 = -0. What is the units digit of (-204)/b + 6/15?
4
Let b = -52 - -1318. What is the tens digit of b?
6
Suppose -6*f = -3*f - 168. What is the units digit of f?
6
Let w be 24/120 + (-3)/(30/(-3508)). Let s = w - 193. What is the hundreds digit of s?
1
Suppose 3*r + 50 = -2*a, -a - 66 = 4*r + a. Suppose 0 = -4*m - m - 90. Let k = r - m. What is the units digit of k?
2
Suppose -5*s = -y - 3*y - 80, -3*s + 41 = -y. Suppose 10*n = 13*n + s. What is the units digit of n/((-111)/(-39) + -3)?
6
Suppose 6*t + 443 = -421. Let q = 327 + t. What is the units digit of q?
3
Let b(u) = 713*u - 2. Let n be b(2). Let v be (n/32)/((-1)/(-2)). Suppose -d + v = -4*o + 8*o, 5*o = 2*d + 95. What is the tens digit of o?
2
Let a = 43 - 39. Suppose -c - 108 = -v, -69 + 279 = 2*v + a*c. What is the hundreds digit of v?
1
Let q = -52 - -118. Let v = 8 + q. What is the tens digit of v?
7
Suppose 0 = 2*m + 8. Let d(z) = -3*z - 8. Let j be d(m). Sup